*y + 1349290. Calculate f(61).
31
Let y(m) = -10*m**2 + 142*m + 10. Calculate y(13).
166
Let v(c) = -3*c**3 + 9*c**2 - 29*c + 222. Determine v(5).
-73
Let d(b) = 34*b**2 + 2835*b - 11557. Give d(4).
327
Let l(w) = w**3 + 25*w**2 - 645*w + 2953. Determine l(7).
6
Let h(w) = -w**2 + 157*w - 3644. Give h(104).
1868
Let c(o) = -1826577*o - 27398658. Give c(-15).
-3
Let y(u) = 2180*u + 2455. Calculate y(-1).
275
Let l(g) = -g**2 + 41*g - 352. Give l(10).
-42
Let l(j) = 5*j**3 + 140*j**2 - 9*j - 35. Calculate l(-28).
217
Let v(i) = i**2 + 743*i - 62137. Give v(76).
107
Let h(y) = y**2 - 143*y + 3486. Determine h(31).
14
Let w(i) = 11*i**2 - 476*i + 671. Give w(42).
83
Let o(g) = 75493*g + 226311. Give o(-3).
-168
Let t(j) = 98*j**2 - 2186*j + 6141. Calculate t(19).
-15
Let n(u) = -68*u**2 - 3874*u + 27. Calculate n(-57).
-87
Let s(x) = -951*x + 12373. Calculate s(13).
10
Let t(a) = 3*a**2 - 129*a + 861. Determine t(32).
-195
Let i(n) = -2665*n**3 - 17*n**2 - 7*n + 7. Determine i(-1).
2662
Let x(m) = 403*m + 35890. Determine x(-89).
23
Let n(z) = -2*z**3 - 291*z**2 - 420*z + 4057. Give n(-144).
2329
Let m(n) = n**2 + 8412*n + 84109. Give m(-10).
89
Let k(h) = 10429*h + 73770. Give k(-7).
767
Let d(x) = -x**3 + 24*x**2 + 8696*x + 52. What is d(-82)?
-276
Let l(j) = j**3 - 24*j**2 + 91*j + 571. Give l(14).
-115
Let k(q) = 1927*q + 75160. Determine k(-39).
7
Let o(z) = 31*z**2 - 212*z + 132. Determine o(3).
-225
Let w(v) = 176*v + 38507. Determine w(-222).
-565
Let y(n) = 3084*n - 872795. Give y(283).
-23
Let j(a) = 5*a**2 + 6039*a + 675825. Calculate j(-1083).
33
Let d(x) = -3*x**3 - 35*x**2 - 68*x - 673. Calculate d(-12).
287
Let u(j) = -10595*j + 2087275. Calculate u(197).
60
Let s(m) = -25362*m**2 - 101449*m + 8. Calculate s(-4).
12
Let g(l) = -9*l**3 + 77*l**2 - 128*l - 57. Determine g(6).
3
Let p(z) = 2*z**2 + 1455*z + 121240. Determine p(-96).
-8
Let z(v) = -6364*v + 31808. Determine z(5).
-12
Let o(b) = -1368*b - 28748. Give o(-21).
-20
Let d(o) = o**3 + 117*o**2 - 21*o - 1955. What is d(-117)?
502
Let r(y) = y**2 - 587*y + 6896. What is r(575)?
-4
Let r(w) = 64*w**2 + 69*w + 375. What is r(-5)?
1630
Let t(d) = -525777*d + 1577349. Calculate t(3).
18
Let p(x) = -2*x**2 - 255*x - 6268. What is p(-111)?
-2605
Let r(c) = 3*c**3 + 25*c**2 + 224*c + 2743. Determine r(-10).
3
Let z(p) = p**2 - 48083*p - 240435. What is z(-5)?
5
Let l(d) = 9*d**3 - 1879*d**2 - 420*d + 396. What is l(209)?
-22
Let i(b) = -43*b**2 + 473*b + 7. Calculate i(0).
7
Let l(r) = -981*r**2 + 5623*r - 4. What is l(6)?
-1582
Let s(q) = -5*q**3 + 94*q**2 - 921*q + 20824. What is s(20)?
4
Let q(s) = 149*s + 1491. Determine q(-12).
-297
Let i(z) = -z**2 - 419*z - 24258. Calculate i(-73).
1000
Let k(o) = -14366*o - 159064. What is k(-11)?
-1038
Let x(v) = v**3 - 17*v**2 + 79*v + 797. Give x(-9).
-2020
Let a(p) = -187546*p + 391. Calculate a(0).
391
Let w(n) = 512013*n + 1024039. Calculate w(-2).
13
Let p(n) = -n**2 - 23635*n - 1391016. Determine p(-59).
-32
Let b(g) = 18050*g + 324912. Calculate b(-18).
12
Let k(z) = 7176*z**2 + 50225*z - 49. Determine k(-7).
0
Let j(n) = 461*n**2 + 12916*n + 229. Determine j(-28).
5
Let s(h) = 7*h**3 - 1319*h**2 - 758*h + 328. What is s(189)?
-50
Let u(y) = -55989*y + 55995. Calculate u(1).
6
Let f(h) = 7*h**2 - 6735*h - 353194. Calculate f(1012).
-6
Let u(n) = 320*n - 46136. Give u(144).
-56
Let d(r) = 4*r**2 - 2769*r + 143107. Give d(636).
7
Let c(l) = -541*l + 96921. Calculate c(179).
82
Let x(d) = 10283*d - 13954018. Determine x(1357).
13
Let m(y) = -18*y**2 + 930*y + 361. Determine m(46).
5053
Let l(w) = 1096339*w - 20830441. Determine l(19).
0
Let y(d) = -8774*d**2 + 851076*d + 162. Calculate y(97).
-32
Let m(u) = 2920*u**3 + 14*u**2 - 42*u - 56. Calculate m(-1).
-2920
Let j(f) = -1014*f - 2029. Calculate j(-2).
-1
Let h(j) = j**3 - 496*j**2 - 10946*j + 46051. Calculate h(517).
38
Let k(n) = 2*n**3 + 12*n**2 + 33*n + 220. Determine k(-9).
-563
Let l(j) = -142458*j - 1282169. What is l(-9)?
-47
Let u(r) = -r**3 + r**2 - 321*r - 5165. Give u(0).
-5165
Let j(d) = d**3 - 18*d**2 - 926*d - 742. Give j(-22).
270
Let u(m) = -52715*m + 9541418. What is u(181)?
3
Let q(z) = 7*z**3 + 625*z**2 + 157*z - 1626. What is q(-89)?
243
Let p(k) = 164*k + 1663. Determine p(-4).
1007
Let f(j) = -10*j**2 - 23357*j - 163040. Give f(-7).
-31
Let k(c) = 4*c**2 - 2765*c - 30908. Determine k(-11).
-9
Let l(a) = 4994*a**3 + 4*a**2 + 26*a - 24. Calculate l(1).
5000
Let f(u) = -u**3 + 129*u**2 + 120*u + 1952. Determine f(130).
652
Let l(j) = -2289*j + 276967. Give l(121).
-2
Let o(h) = -7*h**2 + 512*h - 8450. Determine o(48).
-2
Let q(v) = v**3 + 10*v**2 + 33*v + 259. Determine q(-10).
-71
Let u(t) = 2*t**2 + 2540*t + 20369. Calculate u(-8).
177
Let c(b) = 19*b**2 + 1337*b + 16056. Determine c(-55).
-4
Let v(n) = 958*n + 183920. Determine v(-192).
-16
Let l(j) = 11477*j + 80304. Determine l(-7).
-35
Let x(w) = w**3 - 50*w**2 + 585*w + 682. Calculate x(22).
0
Let x(s) = -30*s**2 - 16*s - 60. Calculate x(0).
-60
Let n(i) = 19*i**3 - 5*i**2 + 108*i - 103. Give n(1).
19
Let z(h) = 10*h**2 + 3375*h - 16886. Calculate z(5).
239
Let u(i) = 2*i**3 - 342*i**2 - 345*i + 58996. Give u(171).
1
Let s(d) = 8*d**2 - 1244*d + 481. Determine s(155).
-139
Let k(d) = -d**2 + 698*d + 731977. Determine k(-575).
2
Let n(b) = 2033*b**2 - 475727*b + 1171. Calculate n(234).
1
Let i(w) = -2*w**2 + 1782*w + 556632. Determine i(-245).
-8
Let x(c) = -2509*c**2 + 30104*c + 32. What is x(12)?
-16
Let r(w) = -w**3 - 42*w**2 + 2266*w + 18. Calculate r(31).
111
Let b(n) = -n**2 - 9805*n - 778007. Determine b(-80).
-7
Let s(h) = -6*h**2 + 237*h - 2391. Give s(27).
-366
Let y(u) = 224*u + 2639. Determine y(-7).
1071
Let c(j) = -2*j**2 - 187*j - 4343. Give c(-38).
-125
Let u(z) = -829*z - 6767. Determine u(-8).
-135
Let w(i) = 2*i**2 - 249*i - 7861. What is w(-26)?
-35
Let a(n) = 1358*n + 13364. Determine a(-10).
-216
Let n(q) = -28*q**3 + 366*q**2 + 57*q - 874. Determine n(13).
205
Let p(x) = -3*x**2 - 77265*x + 1469122. Calculate p(19).
4
Let h(t) = -15*t**3 + 28*t**2 + 14*t - 1. Calculate h(3).
-112
Let d(p) = p**2 - 42*p + 32. Determine d(10).
-288
Let r(x) = -x**3 + 315*x**2 + 597*x - 188002. Give r(315).
53
Let l(d) = -555*d + 1584. Calculate l(3).
-81
Let g(c) = -1059*c - 8380. Calculate g(-8).
92
Let t(u) = -u**3 - 23*u**2 - 1618*u - 35128. Calculate t(-22).
-16
Let r(o) = -6993*o + 941. What is r(-1)?
7934
Let t(b) = 62774*b - 627641. Calculate t(10).
99
Let t(n) = -104*n + 1485. Calculate t(14).
29
Let y(n) = 741*n - 59995. What is y(81)?
26
Let a(k) = -7*k**2 + 110*k + 871. Determine a(-8).
-457
Let f(h) = 2*h**3 - 68*h**2 - 13*h + 1102. Calculate f(34).
660
Let v(q) = -144*q**2 - 42*q - 228. Give v(-5).
-3618
Let p(g) = 673*g - 525. What is p(0)?
-525
Let q(g) = 1207*g - 416405. Determine q(345).
10
Let u(m) = 2*m**2 - 248*m - 5219. Calculate u(142).
-107
Let h(j) = 37*j**3 + 11*j**2 - 57*j + 21. What is h(3)?
948
Let o(x) = x**3 - 61*x**2 + 41*x + 873. What is o(60)?
-267
Let v(r) = -14*r**3 + 338*r**2 - 47*r - 15. What is v(24)?
9
Let d(i) = i**2 + 1263*i + 15056. Give d(-12).
44
Let s(f) = 242*f - 2980. Determine s(12).
-76
Let m(h) = 1156*h - 19634. Calculate m(17).
18
Let b(z) = z**2 + 120*z + 1873. What is b(-23)?
-358
Let g(v) = 7815*v + 15645. Give g(-2).
15
Let z(u) = 40*u**2 - 332*u + 49. What is z(8)?
-47
Let i(a) = -1427*a + 1435. Determine i(1).
8
Let a(q) = -1305387*q + 32634671. What is a(25)?
-4
Let l(h) = -55*h**2 + 4228*h - 33603. What is l(9)?
-6
Let d(r) = 7*r**2 + 1626*r + 3254. What is d(-2)?
30
Let y(p) = 104482*p + 940363. Calculate y(-9).
25
Let o(d) = 6*d**3 + 4*d**2 - 88*d + 272. Give o(3).
206
Let b(k) = 2*k**2 - 450*k + 20383. Calculate b(162).
-29
Let x(g) = 68913*g - 482398. What is x(7)?
-7
Let j(t) = 7*t**2 - 60*t - 272. Calculate j(20).
1328
Let n(r) = 9*r**2 - 1074*r + 7377. What is n(112)?
-15
Let x(k) = 177*k**2 + 84787*k + 1895. Give x(-479).
-21
Let t(l) = -28132*l - 309532. Give t(-11).
-80
Let x(y) = -y**3 + 2*y**2 + 3260*y - 25992. Determine x(8).
-296
Let b(y) = -358*y + 591. What is b(1)?
233
Let k(v) = -1046069*v - 8368562. Determine k(-8).
-10
Let j(q) = -q**2 - 21984*q + 903033. What is j(41)?
8
Let c(h) = 1743*h + 134130. What is c(-77)?
-81
Let